{"id":643,"date":"2026-03-03T13:57:47","date_gmt":"2026-03-03T13:57:47","guid":{"rendered":"https:\/\/xn--lebensraum-krpertherapie-woc.ch\/?page_id=643"},"modified":"2026-04-15T10:16:06","modified_gmt":"2026-04-15T10:16:06","slug":"fussreflexzonenmassage","status":"publish","type":"page","link":"https:\/\/xn--lebensraum-krpertherapie-woc.ch\/?page_id=643","title":{"rendered":"Fussreflexzonenmassage"},"content":{"rendered":"<p>[et_pb_section fb_built=&#8220;1&#8243; _builder_version=&#8220;4.27.4&#8243; _module_preset=&#8220;default&#8220; custom_margin=&#8220;|||2px||&#8220; custom_padding=&#8220;|||0px||&#8220; global_colors_info=&#8220;{}&#8220;][et_pb_row _builder_version=&#8220;4.27.4&#8243; _module_preset=&#8220;default&#8220; width_tablet=&#8220;&#8220; width_phone=&#8220;&#8220; width_last_edited=&#8220;on|desktop&#8220; max_width_tablet=&#8220;&#8220; max_width_phone=&#8220;&#8220; max_width_last_edited=&#8220;on|phone&#8220; min_height=&#8220;96px&#8220; height=&#8220;100px&#8220; max_height=&#8220;1000px&#8220; custom_margin=&#8220;36px|auto|36px|auto|true|&#8220; custom_padding=&#8220;2px||98px|||&#8220; global_colors_info=&#8220;{}&#8220;][et_pb_column type=&#8220;4_4&#8243; _builder_version=&#8220;4.27.4&#8243; _module_preset=&#8220;default&#8220; global_colors_info=&#8220;{}&#8220;][et_pb_text _builder_version=&#8220;4.27.4&#8243; _module_preset=&#8220;default&#8220; header_font_size=&#8220;100px&#8220; min_height=&#8220;58.7px&#8220; height=&#8220;100px&#8220; max_height=&#8220;100px&#8220; custom_margin=&#8220;||33px|||&#8220; custom_padding=&#8220;0px||0px|||&#8220; global_colors_info=&#8220;{}&#8220;]<\/p>\n<h1 style=\"text-align: center;\">Fussreflexzonenmassage<\/h1>\n<h2 style=\"text-align: center;\"><\/h2>\n<p>&nbsp;<\/p>\n<p>[\/et_pb_text][\/et_pb_column][\/et_pb_row][et_pb_row column_structure=&#8220;1_2,1_2&#8243; _builder_version=&#8220;4.27.4&#8243; _module_preset=&#8220;default&#8220; min_height=&#8220;724px&#8220; custom_margin=&#8220;1px|auto||auto||&#8220; custom_padding=&#8220;||61px|||&#8220; global_colors_info=&#8220;{}&#8220;][et_pb_column type=&#8220;1_2&#8243; _builder_version=&#8220;4.27.4&#8243; _module_preset=&#8220;default&#8220; global_colors_info=&#8220;{}&#8220;][et_pb_image src=&#8220;https:\/\/xn--lebensraum-krpertherapie-woc.ch\/wp-content\/uploads\/2025\/10\/iStock-134247839-zugeschnitten-bearbeitet-scaled.jpg&#8220; title_text=&#8220;iStock-134247839 zugeschnitten bearbeitet&#8220; _builder_version=&#8220;4.27.4&#8243; _module_preset=&#8220;default&#8220; custom_padding=&#8220;0px|||||&#8220; border_radii=&#8220;on|35px|35px|35px|35px&#8220; global_colors_info=&#8220;{}&#8220;][\/et_pb_image][\/et_pb_column][et_pb_column type=&#8220;1_2&#8243; _builder_version=&#8220;4.27.4&#8243; _module_preset=&#8220;default&#8220; global_colors_info=&#8220;{}&#8220;][et_pb_text _builder_version=&#8220;4.27.4&#8243; _module_preset=&#8220;default&#8220; width_tablet=&#8220;&#8220; width_phone=&#8220;&#8220; width_last_edited=&#8220;on|desktop&#8220; module_alignment=&#8220;center&#8220; min_height=&#8220;214.2px&#8220; custom_padding=&#8220;4px|||||&#8220; global_colors_info=&#8220;{}&#8220;]<\/p>\n<p style=\"text-align: left;\">Unsere F\u00fcsse tragen uns t\u00e4glich durchs Leben und leisten viel. Aber wieviel Aufmerksamkeit schenken wir ihnen? Neben wohltuender Entspannung und sanfter Erdung kann durch eine Fussreflexzonenmassage noch viel mehr bewirkt werden&#8230;<\/p>\n<p style=\"text-align: left;\">Bei der Reflexzonenmassage werden definierte Punkte sanft massiert. Die zugeh\u00f6rigen Organe und K\u00f6rperzonen k\u00f6nnen auf diese Weise stimuliert, die Durchblutung angeregt sowie die Ausleitung von Gift- und Schlackestoffen unterst\u00fctzt werden.<\/p>\n<p style=\"text-align: left;\">Akute wie auch chronische Beschwerden und Funktionsst\u00f6rungen im Bewegungsapparat, Verdauungs- und Atmungstrakt werden gelindert, der Stoffwechsel angeregt und das Nervensystem positiv beeinflusst.<\/p>\n<p style=\"text-align: left;\">Beschwerden wie Allergien, Migr\u00e4ne, Schlafst\u00f6rungen, Diabetes, aber auch Polyneuropathie, Arthritis und vieles mehr k\u00f6nnen durch eine Fussreflexzonenmassage gelindert und die Selbstheilungskr\u00e4fte aktiviert werden.<\/p>\n<p style=\"text-align: left;\">Als alternative Behandlungsmethode tragen Reflexzonenmassagen nicht nur zum Heilungsprozess bei sondern unterst\u00fctzen ebenfalls den Erhalt der Gesundheit &#8211; das nutzte man schon vor etwa 5000 Jahren in China und Indien. Und auch heute wird dieses Wissen in verschiedenen indigenen Kulturen weiterhin gepflegt und praktiziert.\u00a0<\/p>\n<p style=\"text-align: left;\">\n<p style=\"text-align: left;\">\n<p style=\"text-align: left;\">\n<p style=\"text-align: center;\">\n<p>[\/et_pb_text][\/et_pb_column][\/et_pb_row][et_pb_row _builder_version=&#8220;4.27.4&#8243; _module_preset=&#8220;default&#8220; min_height=&#8220;81px&#8220; height=&#8220;100px&#8220; max_height=&#8220;1000px&#8220; custom_padding=&#8220;2px|||||&#8220; global_colors_info=&#8220;{}&#8220;][et_pb_column type=&#8220;4_4&#8243; _builder_version=&#8220;4.27.4&#8243; _module_preset=&#8220;default&#8220; global_colors_info=&#8220;{}&#8220;][et_pb_text _builder_version=&#8220;4.27.4&#8243; _module_preset=&#8220;default&#8220; header_font_size=&#8220;100px&#8220; min_height=&#8220;80px&#8220; min_height_last_edited=&#8220;off|phone&#8220; custom_margin=&#8220;||40px|||&#8220; custom_padding=&#8220;0px||0px|||&#8220; global_colors_info=&#8220;{}&#8220;]<\/p>\n<h1 style=\"text-align: center;\">&#8230; f\u00fcr mehr Wohlbefinden und Lebensfreude<\/h1>\n<p>[\/et_pb_text][\/et_pb_column][\/et_pb_row][et_pb_row _builder_version=&#8220;4.27.4&#8243; _module_preset=&#8220;default&#8220; width_tablet=&#8220;&#8220; width_phone=&#8220;&#8220; width_last_edited=&#8220;on|desktop&#8220; max_width_tablet=&#8220;&#8220; max_width_phone=&#8220;&#8220; max_width_last_edited=&#8220;on|phone&#8220; min_height=&#8220;96px&#8220; height=&#8220;100px&#8220; max_height=&#8220;1000px&#8220; custom_margin=&#8220;36px|auto|36px|auto|true|&#8220; custom_padding=&#8220;2px||98px|||&#8220; global_colors_info=&#8220;{}&#8220;][et_pb_column type=&#8220;4_4&#8243; _builder_version=&#8220;4.27.4&#8243; _module_preset=&#8220;default&#8220; global_colors_info=&#8220;{}&#8220;][et_pb_text _builder_version=&#8220;4.27.4&#8243; _module_preset=&#8220;default&#8220; header_font_size=&#8220;100px&#8220; min_height=&#8220;58.7px&#8220; height=&#8220;100px&#8220; max_height=&#8220;100px&#8220; custom_margin=&#8220;||33px|||&#8220; custom_padding=&#8220;0px||0px|||&#8220; global_colors_info=&#8220;{}&#8220;]<\/p>\n<h1 style=\"text-align: center;\"><img loading=\"lazy\" decoding=\"async\" src=\"https:\/\/xn--lebensraum-krpertherapie-woc.ch\/wp-content\/uploads\/2026\/01\/nvs-logo-300x81.png\" width=\"200\" height=\"54\" alt=\"\" class=\"wp-image-687 alignnone size-medium\" \/><\/h1>\n<h2 style=\"text-align: center;\"><\/h2>\n<p>&nbsp;<\/p>\n<p>[\/et_pb_text][\/et_pb_column][\/et_pb_row][\/et_pb_section]<\/p>\n","protected":false},"excerpt":{"rendered":"<p>Fussreflexzonenmassage &nbsp;Unsere F\u00fcsse tragen uns t\u00e4glich durchs Leben und leisten viel. Aber wieviel Aufmerksamkeit schenken wir ihnen? Neben wohltuender Entspannung und sanfter Erdung kann durch eine Fussreflexzonenmassage noch viel mehr bewirkt werden&#8230; Bei der Reflexzonenmassage werden definierte Punkte sanft massiert. Die zugeh\u00f6rigen Organe und K\u00f6rperzonen k\u00f6nnen auf diese Weise stimuliert, die Durchblutung angeregt sowie die [&hellip;]<\/p>\n","protected":false},"author":2,"featured_media":0,"parent":0,"menu_order":0,"comment_status":"closed","ping_status":"closed","template":"","meta":{"_et_pb_use_builder":"on","_et_pb_old_content":"","_et_gb_content_width":"","footnotes":""},"class_list":["post-643","page","type-page","status-publish","hentry"],"_links":{"self":[{"href":"https:\/\/xn--lebensraum-krpertherapie-woc.ch\/index.php?rest_route=\/wp\/v2\/pages\/643","targetHints":{"allow":["GET"]}}],"collection":[{"href":"https:\/\/xn--lebensraum-krpertherapie-woc.ch\/index.php?rest_route=\/wp\/v2\/pages"}],"about":[{"href":"https:\/\/xn--lebensraum-krpertherapie-woc.ch\/index.php?rest_route=\/wp\/v2\/types\/page"}],"author":[{"embeddable":true,"href":"https:\/\/xn--lebensraum-krpertherapie-woc.ch\/index.php?rest_route=\/wp\/v2\/users\/2"}],"replies":[{"embeddable":true,"href":"https:\/\/xn--lebensraum-krpertherapie-woc.ch\/index.php?rest_route=%2Fwp%2Fv2%2Fcomments&post=643"}],"version-history":[{"count":10,"href":"https:\/\/xn--lebensraum-krpertherapie-woc.ch\/index.php?rest_route=\/wp\/v2\/pages\/643\/revisions"}],"predecessor-version":[{"id":892,"href":"https:\/\/xn--lebensraum-krpertherapie-woc.ch\/index.php?rest_route=\/wp\/v2\/pages\/643\/revisions\/892"}],"wp:attachment":[{"href":"https:\/\/xn--lebensraum-krpertherapie-woc.ch\/index.php?rest_route=%2Fwp%2Fv2%2Fmedia&parent=643"}],"curies":[{"name":"wp","href":"https:\/\/api.w.org\/{rel}","templated":true}]}}