{"id":659,"date":"2026-03-03T13:58:44","date_gmt":"2026-03-03T13:58:44","guid":{"rendered":"https:\/\/xn--lebensraum-krpertherapie-woc.ch\/?page_id=659"},"modified":"2026-04-05T12:04:06","modified_gmt":"2026-04-05T12:04:06","slug":"neue-startseite","status":"publish","type":"page","link":"https:\/\/xn--lebensraum-krpertherapie-woc.ch\/","title":{"rendered":"Kopie Startseite in Bearbeitung"},"content":{"rendered":"<p>[et_pb_section fb_built=&#8220;1&#8243; admin_label=&#8220;section&#8220; _builder_version=&#8220;4.27.4&#8243; custom_margin=&#8220;0px|0px|0px|0px|false|false&#8220; custom_padding=&#8220;0px|0px|0px|0px|false|false&#8220; global_colors_info=&#8220;{}&#8220;][et_pb_row _builder_version=&#8220;4.27.4&#8243; _module_preset=&#8220;default&#8220; width=&#8220;100%&#8220; custom_margin=&#8220;0px|0px|0px|0px|false|false&#8220; custom_padding=&#8220;0px|0px|0px|0px|false|false&#8220; global_colors_info=&#8220;{}&#8220;][et_pb_column type=&#8220;4_4&#8243; _builder_version=&#8220;4.27.4&#8243; _module_preset=&#8220;default&#8220; global_colors_info=&#8220;{}&#8220;][et_pb_slider _builder_version=&#8220;4.27.4&#8243; _module_preset=&#8220;default&#8220; background_image=&#8220;https:\/\/xn--lebensraum-krpertherapie-woc.ch\/wp-content\/uploads\/2026\/01\/Lebensfreude-ueberarbeitet-tEroeffnungsbild-scaled.jpg&#8220; height=&#8220;480px&#8220; auto=&#8220;on&#8220; global_colors_info=&#8220;{}&#8220;][et_pb_slide heading=&#8220;Stressregulation &#038; Entspannung&#8220; _builder_version=&#8220;4.27.4&#8243; _module_preset=&#8220;default&#8220; background_image=&#8220;https:\/\/xn--lebensraum-krpertherapie-woc.ch\/wp-content\/uploads\/2025\/11\/iStock-538335928-Libelle-und-Mann-scaled.jpg&#8220; global_colors_info=&#8220;{}&#8220; sticky_transition=&#8220;on&#8220;]<\/p>\n<h1><\/h1>\n<p>[\/et_pb_slide][et_pb_slide heading=&#8220;Wohlbefinden &#038; Lebensfreude&#8220; content_tablet=&#8220;<\/p>\n<h1><\/h1>\n<p>&#8220; content_phone=&#8220;<\/p>\n<h1><\/h1>\n<p>&#8220; content_last_edited=&#8220;on|phone&#8220; _builder_version=&#8220;4.27.4&#8243; _module_preset=&#8220;default&#8220; background_image=&#8220;https:\/\/xn--lebensraum-krpertherapie-woc.ch\/wp-content\/uploads\/2026\/01\/Lebensfreude-ueberarbeitet-tEroeffnungsbild-1-scaled.jpg&#8220; background_last_edited=&#8220;on|phone&#8220; global_colors_info=&#8220;{}&#8220; sticky_transition=&#8220;on&#8220;]<\/p>\n<h1><\/h1>\n<p>[\/et_pb_slide][et_pb_slide heading=&#8220;&#8230; im Einklang mit deiner Natur &#8220; _builder_version=&#8220;4.27.4&#8243; _module_preset=&#8220;default&#8220; background_image=&#8220;https:\/\/xn--lebensraum-krpertherapie-woc.ch\/wp-content\/uploads\/2025\/10\/iStock-538335928-scaled.jpg&#8220; global_colors_info=&#8220;{}&#8220; sticky_transition=&#8220;on&#8220;]<\/p>\n<h1><\/h1>\n<p>[\/et_pb_slide][\/et_pb_slider][\/et_pb_column][\/et_pb_row][\/et_pb_section][et_pb_section fb_built=&#8220;1&#8243; _builder_version=&#8220;4.27.4&#8243; _module_preset=&#8220;default&#8220; custom_margin=&#8220;|||2px||&#8220; custom_padding=&#8220;|||0px||&#8220; global_colors_info=&#8220;{}&#8220;][et_pb_row _builder_version=&#8220;4.27.4&#8243; _module_preset=&#8220;default&#8220; custom_padding=&#8220;4px|||||&#8220; global_colors_info=&#8220;{}&#8220;][et_pb_column type=&#8220;4_4&#8243; _builder_version=&#8220;4.27.4&#8243; _module_preset=&#8220;default&#8220; global_colors_info=&#8220;{}&#8220;][et_pb_text _builder_version=&#8220;4.27.6&#8243; _module_preset=&#8220;default&#8220; header_font_size=&#8220;100px&#8220; custom_padding=&#8220;0px|||||&#8220; hover_enabled=&#8220;0&#8243; global_colors_info=&#8220;{}&#8220; sticky_enabled=&#8220;0&#8243;]<\/p>\n<p style=\"text-align: center;\">Du willst dich lebendig f\u00fchlen statt funktionieren?<br \/>Freier atmen. Freier f\u00fchlen. Freier sein.<\/p>\n<p data-start=\"631\" data-end=\"693\" style=\"text-align: center;\">Nicht nur Symptome, wie Schmerzen, Funtionsst\u00f6rungen und seelisches leiden lindern,<br data-start=\"658\" data-end=\"661\" \/>sondern ihre Ursache erkennen.<\/p>\n<p data-start=\"695\" data-end=\"788\" style=\"text-align: center;\">Hier geht es nicht um kurzfristige Erleichterung \u2013<br data-start=\"745\" data-end=\"748\" \/>sondern darum, zur Quelle vorzudringen und mit dem umzugehen was ist.<\/p>\n<p style=\"text-align: center;\">Dein K\u00f6rper kennt den Weg.<\/p>\n<p>[\/et_pb_text][\/et_pb_column][\/et_pb_row][et_pb_row _builder_version=&#8220;4.27.4&#8243; _module_preset=&#8220;default&#8220; custom_padding=&#8220;0px|||||&#8220; global_colors_info=&#8220;{}&#8220;][et_pb_column type=&#8220;4_4&#8243; _builder_version=&#8220;4.27.4&#8243; _module_preset=&#8220;default&#8220; global_colors_info=&#8220;{}&#8220;][et_pb_image src=&#8220;https:\/\/xn--lebensraum-krpertherapie-woc.ch\/wp-content\/uploads\/2025\/10\/iStock-91417846-bearbeitet-Kopie-scaled.jpg&#8220; title_text=&#8220;iStock-91417846 bearbeitet &#8211; Kopie&#8220; align=&#8220;center&#8220; _builder_version=&#8220;4.27.4&#8243; _module_preset=&#8220;default&#8220; width=&#8220;29.9%&#8220; width_tablet=&#8220;30.3%&#8220; width_phone=&#8220;84.7%&#8220; width_last_edited=&#8220;on|phone&#8220; max_width=&#8220;72%&#8220; min_height=&#8220;100px&#8220; height=&#8220;220px&#8220; max_height=&#8220;278px&#8220; custom_padding=&#8220;|0px||0px||&#8220; border_radii=&#8220;on|134px|134px|134px|134px&#8220; global_colors_info=&#8220;{}&#8220;][\/et_pb_image][et_pb_text _builder_version=&#8220;4.27.6&#8243; _module_preset=&#8220;default&#8220; header_font_size=&#8220;100px&#8220; custom_padding=&#8220;3px|||||&#8220; hover_enabled=&#8220;0&#8243; global_colors_info=&#8220;{}&#8220; sticky_enabled=&#8220;0&#8243;]<\/p>\n<p data-start=\"97\" data-end=\"421\" style=\"text-align: center;\">Wohlbefinden und Lebensfreude sind eng mit unserem k\u00f6rperlichen Erleben verbunden. Unser K\u00f6rper vergisst nicht, er speichert Erfahrungen \u2013 besonders jene aus fr\u00fchen Lebensphasen, die in uns Stress ausgel\u00f6st haben. Erkenntnisse aus der Bindungsforschung und Entwicklungspsychologie zeigen, dass pr\u00e4gende Erlebnisse, aber auch fehlende Impulse, im Nervensystem Spuren hinterlassen k\u00f6nnen.<\/p>\n<p data-start=\"423\" data-end=\"741\" style=\"text-align: center;\">Nicht immer ist uns der Zusammenhang zwischen fr\u00fcheren Erfahrungen und heutigen Beschwerden bewusst. Dennoch k\u00f6nnen sich anhaltende innere Spannungen sp\u00e4ter k\u00f6rperlich oder seelisch ausdr\u00fccken \u2013 etwa durch Verspannungen, Schmerzen, Schlafst\u00f6rungen, Migr\u00e4ne, R\u00fccken- und Gelenkbeschwerden, Nervosit\u00e4t, innere Leere, Leistungsdruck&#8230; Unser K\u00f6rper verf\u00fcgt \u00fcber beeindruckende Kompensationsf\u00e4higkeiten. Doch wenn Belastungen \u00fcber l\u00e4ngere Zeit bestehen, kann das System aus dem Gleichgewicht geraten.<\/p>\n<p data-start=\"908\" data-end=\"1000\" style=\"text-align: center;\">M\u00f6chtest du Anspannung l\u00f6sen und zu innerer Balance finden?<\/p>\n<p data-start=\"1002\" data-end=\"1139\" data-is-last-node=\"\" data-is-only-node=\"\" style=\"text-align: center;\">Gern begleite ich dich achtsam auf deinem Weg \u2013 damit dein K\u00f6rper und dein inneres Erleben wieder in einen heilsamen Fluss kommen d\u00fcrfen.<\/p>\n<p data-start=\"896\" data-end=\"1479\">[\/et_pb_text][\/et_pb_column][\/et_pb_row][et_pb_row _builder_version=&#8220;4.27.4&#8243; _module_preset=&#8220;default&#8220; min_height=&#8220;105px&#8220; min_height_tablet=&#8220;105px&#8220; min_height_phone=&#8220;78px&#8220; min_height_last_edited=&#8220;on|phone&#8220; height=&#8220;100px&#8220; max_height=&#8220;100px&#8220; custom_padding=&#8220;2px|||||&#8220; module_alignment_tablet=&#8220;&#8220; module_alignment_phone=&#8220;&#8220; module_alignment_last_edited=&#8220;on|desktop&#8220; global_colors_info=&#8220;{}&#8220;][et_pb_column type=&#8220;4_4&#8243; _builder_version=&#8220;4.27.4&#8243; _module_preset=&#8220;default&#8220; global_colors_info=&#8220;{}&#8220;][\/et_pb_column][\/et_pb_row][et_pb_row _builder_version=&#8220;4.27.4&#8243; _module_preset=&#8220;default&#8220; min_height=&#8220;347px&#8220; height=&#8220;100px&#8220; max_height=&#8220;100px&#8220; custom_margin=&#8220;|auto|3px|auto||&#8220; custom_padding=&#8220;0px||0px|||&#8220; global_colors_info=&#8220;{}&#8220;][et_pb_column type=&#8220;4_4&#8243; _builder_version=&#8220;4.27.4&#8243; _module_preset=&#8220;default&#8220; global_colors_info=&#8220;{}&#8220;][et_pb_text _builder_version=&#8220;4.27.4&#8243; _module_preset=&#8220;default&#8220; min_height=&#8220;45px&#8220; custom_margin=&#8220;-58px||5px|||&#8220; custom_padding=&#8220;||0px|||&#8220; global_colors_info=&#8220;{}&#8220;]<\/p>\n<h3 style=\"text-align: center;\"><strong>K\u00f6rperdynamik<\/strong><\/h3>\n<p>[\/et_pb_text][et_pb_text content_tablet=&#8220;<\/p>\n<p style=%22text-align: left;%22>Sie steckt in uns, die F\u00e4higkeit der <strong>Selbstregulation und Selbstheilung<\/strong> \u2013 so werden wir geboren. Diese F\u00e4higkeit kann allerdings durch Ereignisse in unserer Entwicklung  \u2013 und bereits schon pr\u00e4natal &#8211; gest\u00f6rt werden und Dysbalancen hervorrufen. Um dem Schmerz auszuweichen, entwickelt unser K\u00f6rpersystem Schutzstrategien, die psychisch, seelisch als auch physisch wirken und sich als Spannungen, Stauungen oder Blockaden in den Gewebeschichten zeigen. Das ist ein kompetentes Krisenmanagement, aber die Selbstregulation kann dadurch schwerwiegend eingeschr\u00e4nkt werden.<\/p>\n<p>&#8220; content_phone=&#8220;<\/p>\n<p style=%22text-align: left;%22>Sie steckt in uns, die F\u00e4higkeit der <strong>Selbstregulation und Selbstheilung<\/strong> \u2013 so werden wir geboren. Diese F\u00e4higkeit kann allerdings durch Ereignisse in unserer Entwicklung \u2013 und bereits schon pr\u00e4natal &#8211; gest\u00f6rt werden und Dysbalancen hervorrufen. Um dem Schmerz auszuweichen, entwickelt unser K\u00f6rpersystem Schutzstrategien, die psychisch, seelisch als auch physisch wirken und sich als Spannungen, Stauungen oder Blockaden in den Gewebeschichten zeigen. Das ist ein kompetentes Krisenmanagement, aber die Selbstregulation kann dadurch schwerwiegend eingeschr\u00e4nkt werden.<\/p>\n<p style=%22text-align: left;%22>Wir bestehn aus 70-80 % Wasser, welches unter anderem wichtige N\u00e4hr- und Botenstoffe zu den Zellen hin und Abfallstoffe zu k\u00f6rpereigenen Entsorgungsstellen transportiert. Wenn dieser Kreislauf durch Blockaden gest\u00f6rt wird, ger\u00e4t das K\u00f6rpersystem aus der Balance.<\/p>\n<p style=%22text-align: left;%22>Das beginnt bereits in fr\u00fchkindlichen Entwicklungsphasen, wenn eine hinreichend gute emotionale Regulierung nicht stattfinden konnte. Der kindliche Organismus findet selbst\u00e4ndig Stratien diese Situationen zu l\u00f6sen &#8211; langfristig auf Kosten des Wohlbefindens.<\/p>\n<p style=%22text-align: left;%22>Mit entsprechenden therapeutischen Interventionen k\u00f6nnen diese Defizite nachgen\u00e4hrt werden. So besteht die M\u00f6glichkeit, dass sich das K\u00f6rper\/Seele-System entspannt und mehr <strong>Lebens-Raum<\/strong> f\u00fcr  <span style=%22background-color: #ffffff; font-size: 14px;%22>korrigierende Erfahrungen zur Verf\u00fcgung steht.<\/span><span style=%22background-color: #ffffff; font-size: 14px;%22> <\/span><\/p>\n<p style=%22text-align: left;%22>\n<p>&#8220; content_last_edited=&#8220;on|phone&#8220; _builder_version=&#8220;4.27.4&#8243; _module_preset=&#8220;default&#8220; header_font_size=&#8220;100px&#8220; background_color=&#8220;#FFFFFF&#8220; module_alignment=&#8220;center&#8220; custom_padding=&#8220;4px|||||&#8220; global_colors_info=&#8220;{}&#8220;]<\/p>\n<p style=\"text-align: left;\">\n<p data-start=\"101\" data-end=\"673\">Wir alle kommen, neben unserer Vorpr\u00e4gung in der Schwangerschaft, mit der F\u00e4higkeit zur <strong>Selbstregulation<\/strong> und zur Unterst\u00fctzung unserer eigenen Heilungsprozesse zur Welt. Unser Organismus ist grunds\u00e4tzlich darauf ausgerichtet, sich immer wieder auszubalancieren und auf innere wie \u00e4u\u00dfere Anforderungen angemessen zu reagieren. Im Laufe unseres Lebens k\u00f6nnen jedoch belastende oder pr\u00e4gende Erfahrungen diese nat\u00fcrlichen Regulationsmechanismen beeinflussen. Dadurch k\u00f6nnen funktionelle Ungleichgewichte entstehen, auch wenn uns der Zusammenhang zwischen fr\u00fcheren Erlebnissen und heutigen Beschwerden nicht immer bewusst ist.\u00a0<\/p>\n<p data-start=\"675\" data-end=\"1230\">Um mit \u00dcberforderung oder Schmerz umzugehen, entwickelt unser K\u00f6rper Schutz- und Anpassungsreaktionen. Diese zeigen sich auf psychischer, emotionaler und k\u00f6rperlicher Ebene \u2013 zum Beispiel durch anhaltende Spannungen, ver\u00e4nderte Atemmuster oder funktionelle Einschr\u00e4nkungen im Gewebe und in Organen. Solche Reaktionen sind zun\u00e4chst sinnvolle und kompetente Strategien, um Belastungen zu bew\u00e4ltigen. Wenn sie jedoch dauerhaft bestehen bleiben, k\u00f6nnen sie unsere nat\u00fcrliche Selbstregulation einschr\u00e4nken und sich langfristig auf unser Wohlbefinden auswirken.<\/p>\n<p data-start=\"1232\" data-end=\"1534\" data-is-last-node=\"\" data-is-only-node=\"\">Wenn unsere k\u00f6rperlichen, emotionalen und geistigen Prozesse wieder besser miteinander in Einklang kommen, erleben wir h\u00e4ufig mehr innere Stabilit\u00e4t und Lebendigkeit. Wir k\u00f6nnen unsere Bed\u00fcrfnisse klarer wahrnehmen, unsere Impulse besser sp\u00fcren und ein Gef\u00fchl von Vitalit\u00e4t und Lebensfreude entwickeln.<\/p>\n<p style=\"text-align: left;\">\n<p style=\"text-align: left;\">\n<p style=\"text-align: left;\"><span style=\"font-size: 14px; background-color: #ffffff;\">\u00a0<\/span><\/p>\n<p style=\"text-align: left;\">\n<p>[\/et_pb_text][\/et_pb_column][\/et_pb_row][et_pb_row _builder_version=&#8220;4.27.4&#8243; _module_preset=&#8220;default&#8220; min_height=&#8220;81px&#8220; height=&#8220;100px&#8220; max_height=&#8220;1000px&#8220; custom_padding=&#8220;2px|||||&#8220; global_colors_info=&#8220;{}&#8220;][et_pb_column type=&#8220;4_4&#8243; _builder_version=&#8220;4.27.4&#8243; _module_preset=&#8220;default&#8220; global_colors_info=&#8220;{}&#8220;][et_pb_text _builder_version=&#8220;4.27.4&#8243; _module_preset=&#8220;default&#8220; header_font_size=&#8220;100px&#8220; min_height=&#8220;80px&#8220; min_height_last_edited=&#8220;off|phone&#8220; custom_margin=&#8220;||40px|||&#8220; custom_padding=&#8220;0px||0px|||&#8220; global_colors_info=&#8220;{}&#8220;]<\/p>\n<h1 style=\"text-align: center;\">&#8230; f\u00fcr mehr Wohlbefinden und Lebensfreude<\/h1>\n<p>[\/et_pb_text][\/et_pb_column][\/et_pb_row][et_pb_row _builder_version=&#8220;4.27.4&#8243; _module_preset=&#8220;default&#8220; global_colors_info=&#8220;{}&#8220;][et_pb_column type=&#8220;4_4&#8243; _builder_version=&#8220;4.27.4&#8243; _module_preset=&#8220;default&#8220; global_colors_info=&#8220;{}&#8220;][et_pb_image src=&#8220;https:\/\/xn--lebensraum-krpertherapie-woc.ch\/wp-content\/uploads\/2025\/10\/iStock-151812309-bearbeitet-Kopie-scaled.jpg&#8220; title_text=&#8220;iStock-151812309 bearbeitet &#8211; Kopie&#8220; align=&#8220;center&#8220; _builder_version=&#8220;4.27.4&#8243; _module_preset=&#8220;default&#8220; width=&#8220;54%&#8220; width_tablet=&#8220;54%&#8220; width_phone=&#8220;95%&#8220; width_last_edited=&#8220;on|phone&#8220; border_radii=&#8220;on|506px|506px|506px|506px&#8220; global_colors_info=&#8220;{}&#8220;][\/et_pb_image][\/et_pb_column][\/et_pb_row][\/et_pb_section]<\/p>\n","protected":false},"excerpt":{"rendered":"<p>Du willst dich lebendig f\u00fchlen statt funktionieren?Freier atmen. Freier f\u00fchlen. Freier sein. Nicht nur Symptome, wie Schmerzen, Funtionsst\u00f6rungen und seelisches leiden lindern,sondern ihre Ursache erkennen. Hier geht es nicht um kurzfristige Erleichterung \u2013sondern darum, zur Quelle vorzudringen und mit dem umzugehen was ist. Dein K\u00f6rper kennt den Weg.Wohlbefinden und Lebensfreude sind eng mit unserem k\u00f6rperlichen [&hellip;]<\/p>\n","protected":false},"author":2,"featured_media":0,"parent":0,"menu_order":0,"comment_status":"closed","ping_status":"closed","template":"","meta":{"_et_pb_use_builder":"on","_et_pb_old_content":"","_et_gb_content_width":"","footnotes":""},"class_list":["post-659","page","type-page","status-publish","hentry"],"_links":{"self":[{"href":"https:\/\/xn--lebensraum-krpertherapie-woc.ch\/index.php?rest_route=\/wp\/v2\/pages\/659","targetHints":{"allow":["GET"]}}],"collection":[{"href":"https:\/\/xn--lebensraum-krpertherapie-woc.ch\/index.php?rest_route=\/wp\/v2\/pages"}],"about":[{"href":"https:\/\/xn--lebensraum-krpertherapie-woc.ch\/index.php?rest_route=\/wp\/v2\/types\/page"}],"author":[{"embeddable":true,"href":"https:\/\/xn--lebensraum-krpertherapie-woc.ch\/index.php?rest_route=\/wp\/v2\/users\/2"}],"replies":[{"embeddable":true,"href":"https:\/\/xn--lebensraum-krpertherapie-woc.ch\/index.php?rest_route=%2Fwp%2Fv2%2Fcomments&post=659"}],"version-history":[{"count":16,"href":"https:\/\/xn--lebensraum-krpertherapie-woc.ch\/index.php?rest_route=\/wp\/v2\/pages\/659\/revisions"}],"predecessor-version":[{"id":887,"href":"https:\/\/xn--lebensraum-krpertherapie-woc.ch\/index.php?rest_route=\/wp\/v2\/pages\/659\/revisions\/887"}],"wp:attachment":[{"href":"https:\/\/xn--lebensraum-krpertherapie-woc.ch\/index.php?rest_route=%2Fwp%2Fv2%2Fmedia&parent=659"}],"curies":[{"name":"wp","href":"https:\/\/api.w.org\/{rel}","templated":true}]}}