{"id":663,"date":"2026-03-03T13:58:15","date_gmt":"2026-03-03T13:58:15","guid":{"rendered":"https:\/\/xn--lebensraum-krpertherapie-woc.ch\/?page_id=663"},"modified":"2026-04-15T10:50:20","modified_gmt":"2026-04-15T10:50:20","slug":"terminbuchung","status":"publish","type":"page","link":"https:\/\/xn--lebensraum-krpertherapie-woc.ch\/?page_id=663","title":{"rendered":"Terminbuchung"},"content":{"rendered":"<p>[et_pb_section fb_built=&#8220;1&#8243; _builder_version=&#8220;4.27.4&#8243; _module_preset=&#8220;default&#8220; custom_margin=&#8220;|||2px||&#8220; custom_padding=&#8220;|||0px||&#8220; global_colors_info=&#8220;{}&#8220;][et_pb_row _builder_version=&#8220;4.27.4&#8243; _module_preset=&#8220;default&#8220; custom_padding=&#8220;||0px|||&#8220; global_colors_info=&#8220;{}&#8220;][et_pb_column type=&#8220;4_4&#8243; _builder_version=&#8220;4.27.4&#8243; _module_preset=&#8220;default&#8220; global_colors_info=&#8220;{}&#8220;][et_pb_text _builder_version=&#8220;4.27.4&#8243; _module_preset=&#8220;default&#8220; link_text_color=&#8220;#55FFEE&#8220; header_4_font_size=&#8220;60px&#8220; min_height=&#8220;139.6px&#8220; custom_margin=&#8220;||3px|||&#8220; custom_padding=&#8220;||0px|||&#8220; global_colors_info=&#8220;{}&#8220;]<\/p>\n<h4 style=\"text-align: center;\">Praxis &#8211; Adresse<\/h4>\n<p style=\"text-align: center;\">9113 Degersheim, Sennr\u00fctistrasse 17<\/p>\n<p style=\"text-align: center;\">Parkpl\u00e4tze befinden sich auf der rechten Seite ca. 50 m vor dem Eingang\u00a0\u00a0<\/p>\n<p style=\"text-align: center;\">\n<p>[\/et_pb_text][et_pb_text _builder_version=&#8220;4.27.6&#8243; _module_preset=&#8220;default&#8220; link_text_color=&#8220;#55FFEE&#8220; header_4_font_size=&#8220;60px&#8220; min_height=&#8220;139.6px&#8220; custom_margin=&#8220;||3px|||&#8220; custom_padding=&#8220;||0px|||&#8220; border_radii=&#8220;on|28px|28px|28px|28px&#8220; global_colors_info=&#8220;{}&#8220;]<\/p>\n<h5 style=\"text-align: center;\"><img loading=\"lazy\" decoding=\"async\" src=\"https:\/\/xn--lebensraum-krpertherapie-woc.ch\/wp-content\/uploads\/2026\/03\/20260327_161932-lochen-300x225.jpg\" width=\"396\" height=\"297\" alt=\"\" class=\"wp-image-847 alignnone size-medium\" \/><\/h5>\n<h4 style=\"text-align: center;\"><\/h4>\n<p style=\"text-align: center;\">[\/et_pb_text][et_pb_text _builder_version=&#8220;4.27.6&#8243; _module_preset=&#8220;default&#8220; link_text_color=&#8220;#55FFEE&#8220; header_4_font_size=&#8220;60px&#8220; min_height=&#8220;120px&#8220; custom_margin=&#8220;||-45px|||&#8220; custom_padding=&#8220;0px||0px|||&#8220; border_radii=&#8220;on|37px|37px|37px|37px&#8220; global_colors_info=&#8220;{}&#8220;]<\/p>\n<h5 style=\"text-align: center;\"><\/h5>\n<h4 style=\"text-align: center;\">&#8230; herzlichst Willkommen<\/h4>\n<p>[\/et_pb_text][et_pb_image src=&#8220;https:\/\/xn--lebensraum-krpertherapie-woc.ch\/wp-content\/uploads\/2025\/11\/Welle-pictogram.png&#8220; title_text=&#8220;Welle pictogram&#8220; align=&#8220;center&#8220; _builder_version=&#8220;4.27.6&#8243; _module_preset=&#8220;default&#8220; transform_scale=&#8220;116%|116%&#8220; width=&#8220;68.4%&#8220; max_width=&#8220;44%&#8220; max_width_tablet=&#8220;35%&#8220; max_width_phone=&#8220;16%&#8220; max_width_last_edited=&#8220;on|phone&#8220; module_alignment=&#8220;center&#8220; custom_margin=&#8220;-3px||1px|||&#8220; custom_padding=&#8220;|0px|0px|||&#8220; filter_hue_rotate=&#8220;181deg&#8220; global_colors_info=&#8220;{}&#8220;][\/et_pb_image][et_pb_text _builder_version=&#8220;4.27.6&#8243; _module_preset=&#8220;default&#8220; link_text_color=&#8220;#55FFEE&#8220; header_4_font_size=&#8220;60px&#8220; min_height=&#8220;113.6px&#8220; custom_margin=&#8220;||3px|||&#8220; custom_padding=&#8220;41px||0px|||&#8220; global_colors_info=&#8220;{}&#8220;]<\/p>\n<h4 style=\"text-align: center;\">Kosten<\/h4>\n<p style=\"text-align: center;\">Biorelease-Behandlung 75 min:\u00a0 \u00a0 \u00a0CHF 120,-<\/p>\n<p style=\"text-align: center;\">Fussreflexzonenmassage 60 min:\u00a0 CHF 90,-<\/p>\n<p>[\/et_pb_text][et_pb_text _builder_version=&#8220;4.27.4&#8243; _module_preset=&#8220;default&#8220; text_font_size=&#8220;9px&#8220; link_text_color=&#8220;#000000&#8243; header_4_font_size=&#8220;60px&#8220; custom_margin=&#8220;||0px|||&#8220; custom_padding=&#8220;||35px|||&#8220; global_colors_info=&#8220;{}&#8220;]<\/p>\n<p style=\"text-align: center;\">Diese Behandlungen ersetzen keine \u00e4rztlichen Abkl\u00e4rungen und Massnahmen und k\u00f6nnen nicht bei der Krankenkasse abgerechnet werden.<\/p>\n<p>[\/et_pb_text][et_pb_text _builder_version=&#8220;4.27.6&#8243; _module_preset=&#8220;default&#8220; link_text_align=&#8220;center&#8220; link_text_color=&#8220;#000000&#8243; header_4_font_size=&#8220;60px&#8220; background_color=&#8220;rgba(124,211,192,0.33)&#8220; width_tablet=&#8220;&#8220; width_phone=&#8220;&#8220; width_last_edited=&#8220;on|phone&#8220; min_height=&#8220;209.2px&#8220; custom_padding=&#8220;0px||24px|||&#8220; border_radii=&#8220;on|25px|25px|25px|25px&#8220; border_width_all=&#8220;2px&#8220; border_color_all=&#8220;rgba(204,204,204,0.79)&#8220; border_style_all=&#8220;groove&#8220; border_radii_tablet=&#8220;&#8220; border_radii_phone=&#8220;on|35px|35px|35px|35px&#8220; border_radii_last_edited=&#8220;on|phone&#8220; global_colors_info=&#8220;{}&#8220;]<\/p>\n<h4 style=\"text-align: center;\"><\/h4>\n<h4 style=\"text-align: center;\"><\/h4>\n<h4 style=\"text-align: center;\"><\/h4>\n<h4 style=\"text-align: center;\">Terminbuchung<\/h4>\n<p style=\"text-align: center;\">Buche direkt einen Termin \u00fcber meinen <strong>Kalender\u00a0<\/strong><br \/>oder per E-Mail unter:<\/p>\n<p style=\"text-align: center;\"><span style=\"text-decoration: underline; color: #000000;\"><a href=\"mailto:kontakt@lebensraum-k\u00f6rpertherapie.ch\" style=\"color: #000000; text-decoration: underline;\">kontakt@lebensraum-k\u00f6rpertherapie.ch<\/a><\/span><\/p>\n<p>[\/et_pb_text][et_pb_text _builder_version=&#8220;4.27.6&#8243; _module_preset=&#8220;default&#8220; text_font_size=&#8220;9px&#8220; link_text_color=&#8220;#000000&#8243; header_4_font_size=&#8220;60px&#8220; min_height=&#8220;23.8px&#8220; custom_margin=&#8220;-22px||25px|||&#8220; global_colors_info=&#8220;{}&#8220;]<\/p>\n<p style=\"text-align: center;\">Bitte Termine bis 24 Stunden vorher absagen. Andernfalls werden die Behandlungskosten berechnet.<\/p>\n<p>[\/et_pb_text][\/et_pb_column][\/et_pb_row][et_pb_row column_structure=&#8220;1_2,1_2&#8243; _builder_version=&#8220;4.27.4&#8243; _module_preset=&#8220;default&#8220; min_height=&#8220;823.8px&#8220; global_colors_info=&#8220;{}&#8220;][et_pb_column type=&#8220;1_2&#8243; _builder_version=&#8220;4.27.4&#8243; _module_preset=&#8220;default&#8220; global_colors_info=&#8220;{}&#8220;][et_pb_text _builder_version=&#8220;4.27.4&#8243; _module_preset=&#8220;default&#8220; global_colors_info=&#8220;{}&#8220;]<!-- Calendly Inline-Widget Beginn --><\/p>\n<div class=\"calendly-inline-widget\" data-url=\"https:\/\/calendly.com\/anke-meier\/terminbuchung-fussreflexzonenmassage\" style=\"min-width:320px;height:700px;\"><\/div>\n<p><script type=\"text\/javascript\" src=\"https:\/\/assets.calendly.com\/assets\/external\/widget.js\" async><\/script><br \/>\n<!-- Calendly Inline-Widget Ende -->[\/et_pb_text][\/et_pb_column][et_pb_column type=&#8220;1_2&#8243; _builder_version=&#8220;4.27.4&#8243; _module_preset=&#8220;default&#8220; global_colors_info=&#8220;{}&#8220;][et_pb_text _builder_version=&#8220;4.27.4&#8243; _module_preset=&#8220;default&#8220; global_colors_info=&#8220;{}&#8220;]<!-- Calendly Inline-Widget Beginn --><\/p>\n<div class=\"calendly-inline-widget\" data-url=\"https:\/\/calendly.com\/anke-meier\/neues-meeting\" style=\"min-width:320px;height:700px;\"><\/div>\n<p><script type=\"text\/javascript\" src=\"https:\/\/assets.calendly.com\/assets\/external\/widget.js\" async><\/script><br \/>\n<!-- Calendly Inline-Widget Ende -->[\/et_pb_text][\/et_pb_column][\/et_pb_row][et_pb_row _builder_version=&#8220;4.27.6&#8243; _module_preset=&#8220;default&#8220; global_colors_info=&#8220;{}&#8220;][et_pb_column type=&#8220;4_4&#8243; _builder_version=&#8220;4.27.6&#8243; _module_preset=&#8220;default&#8220; global_colors_info=&#8220;{}&#8220;][et_pb_accordion _builder_version=&#8220;4.27.6&#8243; _module_preset=&#8220;default&#8220; background_color=&#8220;rgba(131,193,188,0.36)&#8220; min_height=&#8220;58.4px&#8220; custom_margin=&#8220;-31px|||||&#8220; global_colors_info=&#8220;{}&#8220;][et_pb_accordion_item open=&#8220;on&#8220; _builder_version=&#8220;4.27.6&#8243; _module_preset=&#8220;default&#8220; global_colors_info=&#8220;{}&#8220;]<\/p>\n<p style=\"text-align: center;\">Weitere Termine auf Anfrage.<\/p>\n<p>[\/et_pb_accordion_item][\/et_pb_accordion][\/et_pb_column][\/et_pb_row][et_pb_row _builder_version=&#8220;4.27.4&#8243; _module_preset=&#8220;default&#8220; custom_padding=&#8220;||0px|||&#8220; global_colors_info=&#8220;{}&#8220;][et_pb_column type=&#8220;4_4&#8243; _builder_version=&#8220;4.27.4&#8243; _module_preset=&#8220;default&#8220; global_colors_info=&#8220;{}&#8220;][et_pb_text _builder_version=&#8220;4.27.4&#8243; _module_preset=&#8220;default&#8220; link_text_color=&#8220;#55FFEE&#8220; header_4_font_size=&#8220;60px&#8220; min_height=&#8220;139.6px&#8220; custom_margin=&#8220;||3px|||&#8220; custom_padding=&#8220;||0px|||&#8220; global_colors_info=&#8220;{}&#8220;]<\/p>\n<h4 style=\"text-align: center;\"><img loading=\"lazy\" decoding=\"async\" src=\"https:\/\/xn--lebensraum-krpertherapie-woc.ch\/wp-content\/uploads\/2026\/01\/nvs-logo-300x81.png\" width=\"215\" height=\"58\" alt=\"\" class=\"wp-image-687 alignnone size-medium\" \/><\/h4>\n<p style=\"text-align: center;\">\n<p>[\/et_pb_text][\/et_pb_column][\/et_pb_row][\/et_pb_section]<\/p>\n","protected":false},"excerpt":{"rendered":"<p>Praxis &#8211; Adresse 9113 Degersheim, Sennr\u00fctistrasse 17 Parkpl\u00e4tze befinden sich auf der rechten Seite ca. 50 m vor dem Eingang\u00a0\u00a0 &#8230; herzlichst WillkommenKosten Biorelease-Behandlung 75 min:\u00a0 \u00a0 \u00a0CHF 120,- Fussreflexzonenmassage 60 min:\u00a0 CHF 90,-Diese Behandlungen ersetzen keine \u00e4rztlichen Abkl\u00e4rungen und Massnahmen und k\u00f6nnen nicht bei der Krankenkasse abgerechnet werden. Terminbuchung Buche direkt einen Termin \u00fcber [&hellip;]<\/p>\n","protected":false},"author":2,"featured_media":0,"parent":0,"menu_order":0,"comment_status":"closed","ping_status":"closed","template":"","meta":{"_et_pb_use_builder":"on","_et_pb_old_content":"","_et_gb_content_width":"","footnotes":""},"class_list":["post-663","page","type-page","status-publish","hentry"],"_links":{"self":[{"href":"https:\/\/xn--lebensraum-krpertherapie-woc.ch\/index.php?rest_route=\/wp\/v2\/pages\/663","targetHints":{"allow":["GET"]}}],"collection":[{"href":"https:\/\/xn--lebensraum-krpertherapie-woc.ch\/index.php?rest_route=\/wp\/v2\/pages"}],"about":[{"href":"https:\/\/xn--lebensraum-krpertherapie-woc.ch\/index.php?rest_route=\/wp\/v2\/types\/page"}],"author":[{"embeddable":true,"href":"https:\/\/xn--lebensraum-krpertherapie-woc.ch\/index.php?rest_route=\/wp\/v2\/users\/2"}],"replies":[{"embeddable":true,"href":"https:\/\/xn--lebensraum-krpertherapie-woc.ch\/index.php?rest_route=%2Fwp%2Fv2%2Fcomments&post=663"}],"version-history":[{"count":27,"href":"https:\/\/xn--lebensraum-krpertherapie-woc.ch\/index.php?rest_route=\/wp\/v2\/pages\/663\/revisions"}],"predecessor-version":[{"id":894,"href":"https:\/\/xn--lebensraum-krpertherapie-woc.ch\/index.php?rest_route=\/wp\/v2\/pages\/663\/revisions\/894"}],"wp:attachment":[{"href":"https:\/\/xn--lebensraum-krpertherapie-woc.ch\/index.php?rest_route=%2Fwp%2Fv2%2Fmedia&parent=663"}],"curies":[{"name":"wp","href":"https:\/\/api.w.org\/{rel}","templated":true}]}}